{"id":1028,"date":"2021-08-20T23:47:44","date_gmt":"2021-08-21T02:47:44","guid":{"rendered":"https:\/\/circuitolocal.cestaagroecologica.com.br\/?post_type=product&#038;p=1028"},"modified":"2021-09-26T19:49:55","modified_gmt":"2021-09-26T22:49:55","slug":"tintura-de-folhas-de-alfavaca-30ml","status":"publish","type":"product","link":"https:\/\/circuitolocal.cestaagroecologica.com.br\/index.php\/produto\/tintura-de-folhas-de-alfavaca-30ml\/","title":{"rendered":"Tintura de folhas de Alfavaca (30ml)"},"content":{"rendered":"<p><b>Alfavaca [Ocimum gratissimum]<\/b><b>:<\/b><\/p>\n<p>Usos medicinais: \u201cSuas folhas s\u00e3o usadas na prepara\u00e7\u00e3o de banhos antigripais, especialmente em crian\u00e7as, e para tratar casos de nervosismo e paralisia; usam-na tamb\u00e9m em ch\u00e1s como carminativos, sudor\u00edficos e diur\u00e9ticos.\u201d (Plantas Medicinais no Brasil, Instituto Plantarum, 2008)<\/p>\n","protected":false},"excerpt":{"rendered":"<p>Tintura de folhas de alfavaca produzida por Ros\u00e2ngela, no S\u00edtio do Galo, Saquarema, RJ. Feita com ervas frescas e \u00e1lcool de cereais.<\/p>\n","protected":false},"featured_media":954,"comment_status":"open","ping_status":"closed","template":"","meta":[],"product_brand":[],"product_cat":[150],"product_tag":[194,304,101,172,303],"class_list":{"0":"post-1028","1":"product","2":"type-product","3":"status-publish","4":"has-post-thumbnail","6":"product_cat-sitiodogalo","7":"product_tag-alfavaca","8":"product_tag-fitoterapia","9":"product_tag-medicinais","10":"product_tag-sitio-do-galo","11":"product_tag-tintura","13":"first","14":"instock","15":"shipping-taxable","16":"product-type-simple"},"_links":{"self":[{"href":"https:\/\/circuitolocal.cestaagroecologica.com.br\/index.php\/wp-json\/wp\/v2\/product\/1028","targetHints":{"allow":["GET"]}}],"collection":[{"href":"https:\/\/circuitolocal.cestaagroecologica.com.br\/index.php\/wp-json\/wp\/v2\/product"}],"about":[{"href":"https:\/\/circuitolocal.cestaagroecologica.com.br\/index.php\/wp-json\/wp\/v2\/types\/product"}],"replies":[{"embeddable":true,"href":"https:\/\/circuitolocal.cestaagroecologica.com.br\/index.php\/wp-json\/wp\/v2\/comments?post=1028"}],"wp:featuredmedia":[{"embeddable":true,"href":"https:\/\/circuitolocal.cestaagroecologica.com.br\/index.php\/wp-json\/wp\/v2\/media\/954"}],"wp:attachment":[{"href":"https:\/\/circuitolocal.cestaagroecologica.com.br\/index.php\/wp-json\/wp\/v2\/media?parent=1028"}],"wp:term":[{"taxonomy":"product_brand","embeddable":true,"href":"https:\/\/circuitolocal.cestaagroecologica.com.br\/index.php\/wp-json\/wp\/v2\/product_brand?post=1028"},{"taxonomy":"product_cat","embeddable":true,"href":"https:\/\/circuitolocal.cestaagroecologica.com.br\/index.php\/wp-json\/wp\/v2\/product_cat?post=1028"},{"taxonomy":"product_tag","embeddable":true,"href":"https:\/\/circuitolocal.cestaagroecologica.com.br\/index.php\/wp-json\/wp\/v2\/product_tag?post=1028"}],"curies":[{"name":"wp","href":"https:\/\/api.w.org\/{rel}","templated":true}]}}