{"id":244,"date":"2021-03-19T13:14:08","date_gmt":"2021-03-19T16:14:08","guid":{"rendered":"https:\/\/circuitolocal.cestaagroecologica.com.br\/?post_type=product&#038;p=244"},"modified":"2021-09-27T10:57:11","modified_gmt":"2021-09-27T13:57:11","slug":"muda-de-erva-baleeira","status":"publish","type":"product","link":"https:\/\/circuitolocal.cestaagroecologica.com.br\/index.php\/produto\/muda-de-erva-baleeira\/","title":{"rendered":"Muda de Erva Baleeira"},"content":{"rendered":"<h3><b>Erva Baleeira (Varronia verbenacea)<\/b><\/h3>\n<p>\u201c\u00c9 considerada antiinflamat\u00f3ria, antiartr\u00edtica, analg\u00e9sica, t\u00f4nica e antiulcerog\u00eanica. Para reumatismo, artrite reumat\u00f3ide, gota, dores musculares e da coluna, nevralgias e contus\u00f5es, \u00e9 recomendado o seu ch\u00e1, tamb\u00e9m empregado para a cicatriza\u00e7\u00e3o de feridas externas e para \u00falceras.\u201d (Plantas Medicinais no Brasil, Instituto Plantarum, 2008)<\/p>\n","protected":false},"excerpt":{"rendered":"<p>Muda de Erva Baleeira (Varronia verbenacea) cultivada por Marilza no viveiro da Ecovila Nascentes do Tingu\u00ed, Saquarema, RJ.<b><br \/>\n<\/b><\/p>\n","protected":false},"featured_media":245,"comment_status":"open","ping_status":"closed","template":"","meta":[],"product_brand":[],"product_cat":[283],"product_tag":[94,101,113],"class_list":{"0":"post-244","1":"product","2":"type-product","3":"status-publish","4":"has-post-thumbnail","6":"product_cat-mudaseadubos","7":"product_tag-horta","8":"product_tag-medicinais","9":"product_tag-muda","10":"pa_produtorxs-marilza","11":"pa_produtorxs-materia-organica","13":"first","14":"instock","15":"shipping-taxable","16":"product-type-simple"},"_links":{"self":[{"href":"https:\/\/circuitolocal.cestaagroecologica.com.br\/index.php\/wp-json\/wp\/v2\/product\/244","targetHints":{"allow":["GET"]}}],"collection":[{"href":"https:\/\/circuitolocal.cestaagroecologica.com.br\/index.php\/wp-json\/wp\/v2\/product"}],"about":[{"href":"https:\/\/circuitolocal.cestaagroecologica.com.br\/index.php\/wp-json\/wp\/v2\/types\/product"}],"replies":[{"embeddable":true,"href":"https:\/\/circuitolocal.cestaagroecologica.com.br\/index.php\/wp-json\/wp\/v2\/comments?post=244"}],"wp:featuredmedia":[{"embeddable":true,"href":"https:\/\/circuitolocal.cestaagroecologica.com.br\/index.php\/wp-json\/wp\/v2\/media\/245"}],"wp:attachment":[{"href":"https:\/\/circuitolocal.cestaagroecologica.com.br\/index.php\/wp-json\/wp\/v2\/media?parent=244"}],"wp:term":[{"taxonomy":"product_brand","embeddable":true,"href":"https:\/\/circuitolocal.cestaagroecologica.com.br\/index.php\/wp-json\/wp\/v2\/product_brand?post=244"},{"taxonomy":"product_cat","embeddable":true,"href":"https:\/\/circuitolocal.cestaagroecologica.com.br\/index.php\/wp-json\/wp\/v2\/product_cat?post=244"},{"taxonomy":"product_tag","embeddable":true,"href":"https:\/\/circuitolocal.cestaagroecologica.com.br\/index.php\/wp-json\/wp\/v2\/product_tag?post=244"}],"curies":[{"name":"wp","href":"https:\/\/api.w.org\/{rel}","templated":true}]}}