{"id":345,"date":"2021-03-20T11:03:09","date_gmt":"2021-03-20T14:03:09","guid":{"rendered":"https:\/\/circuitolocal.cestaagroecologica.com.br\/?post_type=product&#038;p=345"},"modified":"2021-08-20T22:39:20","modified_gmt":"2021-08-21T01:39:20","slug":"shitakes-inteiros-200g","status":"publish","type":"product","link":"https:\/\/circuitolocal.cestaagroecologica.com.br\/index.php\/produto\/shitakes-inteiros-200g\/","title":{"rendered":"Shitakes inteiros (200g)"},"content":{"rendered":"<p>A Saqua Fungi \u00e9 uma empresa verde se preocupa com a preserva\u00e7\u00e3o ambiental. O casal de produtores Alessandro e Gisele cultivam um viveiro de mudas nativas e ex\u00f3ticas para reflorestamento e ano passado plantaram 60 \u00e1rvores em sua sede. Mais de 50% do s\u00edtio \u00e9 \u00e1rea preservada, intacta, al\u00e9m das \u00e1reas de agrofloresta que produzem alimentos org\u00e2nicos, cultivados em sintropia com a natureza. A produ\u00e7\u00e3o do Shiitake \u00e9 feita em blocos com serragem de eucalyptus oriundos de sobra da ind\u00fastria. Ap\u00f3s a produ\u00e7\u00e3o, esses blocos voltam pra terra e servem como adubo org\u00e2nico.<\/p>\n","protected":false},"excerpt":{"rendered":"<p>Shitakes inteiros produzidos por Alessandro e Gisele, da Saqua Fungi, em Saquarema, RJ.<\/p>\n","protected":false},"featured_media":501,"comment_status":"open","ping_status":"closed","template":"","meta":[],"product_brand":[],"product_cat":[149],"product_tag":[52,178,179,177],"class_list":{"0":"post-345","1":"product","2":"type-product","3":"status-publish","4":"has-post-thumbnail","6":"product_cat-saqua-fungi","7":"product_tag-agroecologico","8":"product_tag-cogumelo","9":"product_tag-saqua-fungi","10":"product_tag-shitake","11":"pa_produtorxs-saqua-fungi","13":"first","14":"instock","15":"shipping-taxable","16":"product-type-simple"},"_links":{"self":[{"href":"https:\/\/circuitolocal.cestaagroecologica.com.br\/index.php\/wp-json\/wp\/v2\/product\/345","targetHints":{"allow":["GET"]}}],"collection":[{"href":"https:\/\/circuitolocal.cestaagroecologica.com.br\/index.php\/wp-json\/wp\/v2\/product"}],"about":[{"href":"https:\/\/circuitolocal.cestaagroecologica.com.br\/index.php\/wp-json\/wp\/v2\/types\/product"}],"replies":[{"embeddable":true,"href":"https:\/\/circuitolocal.cestaagroecologica.com.br\/index.php\/wp-json\/wp\/v2\/comments?post=345"}],"wp:featuredmedia":[{"embeddable":true,"href":"https:\/\/circuitolocal.cestaagroecologica.com.br\/index.php\/wp-json\/wp\/v2\/media\/501"}],"wp:attachment":[{"href":"https:\/\/circuitolocal.cestaagroecologica.com.br\/index.php\/wp-json\/wp\/v2\/media?parent=345"}],"wp:term":[{"taxonomy":"product_brand","embeddable":true,"href":"https:\/\/circuitolocal.cestaagroecologica.com.br\/index.php\/wp-json\/wp\/v2\/product_brand?post=345"},{"taxonomy":"product_cat","embeddable":true,"href":"https:\/\/circuitolocal.cestaagroecologica.com.br\/index.php\/wp-json\/wp\/v2\/product_cat?post=345"},{"taxonomy":"product_tag","embeddable":true,"href":"https:\/\/circuitolocal.cestaagroecologica.com.br\/index.php\/wp-json\/wp\/v2\/product_tag?post=345"}],"curies":[{"name":"wp","href":"https:\/\/api.w.org\/{rel}","templated":true}]}}