{"id":401,"date":"2021-04-06T03:37:07","date_gmt":"2021-04-06T06:37:07","guid":{"rendered":"https:\/\/circuitolocal.cestaagroecologica.com.br\/?post_type=product&#038;p=401"},"modified":"2021-09-26T19:46:35","modified_gmt":"2021-09-26T22:46:35","slug":"ora-pro-nobis-maco","status":"publish","type":"product","link":"https:\/\/circuitolocal.cestaagroecologica.com.br\/index.php\/produto\/ora-pro-nobis-maco\/","title":{"rendered":"Ora pro nobis S\u00edtio do Galo (ma\u00e7o)"},"content":{"rendered":"<p>Ora-pro-nobis [Pereskia aculeata]. \u201cSuas folhas, flores e frutos s\u00e3o usados na culin\u00e1ria mineira, preparadas de v\u00e1rias formas, tanto cruas quanto cozidas. Os frutos s\u00e3o ricos em carotenoides e quando imaturos s\u00e3o fonte de vitamina C. Os frutos podem ser usados para frutos, geleia, mousse e licor. As sementes podem ser germinadas para produzir brotos. As flores jovens (sem ac\u00faleos) podem ser usadas para saladas, salteadas puras ou com carnes e para omeletes. Verdura rica em prote\u00edna vegetal e em v\u00e1rios amino\u00e1cidos essenciais.\u201d (Plantas Aliment\u00edcias N\u00e3o Convencionais PANC no Brasil, Instituto Plantarum, 2015)<\/p>\n","protected":false},"excerpt":{"rendered":"<p>Ora-pro-nobis [Pereskia aculeata] cultivada na Ecovila Nascentes do Tingu\u00ed, Saquarema, RJ.<\/p>\n","protected":false},"featured_media":665,"comment_status":"open","ping_status":"closed","template":"","meta":[],"product_brand":[],"product_cat":[150],"product_tag":[75,46,57,172],"class_list":{"0":"post-401","1":"product","2":"type-product","3":"status-publish","4":"has-post-thumbnail","6":"product_cat-sitiodogalo","7":"product_tag-ora-pro-nobis","8":"product_tag-organico","9":"product_tag-panc","10":"product_tag-sitio-do-galo","11":"pa_produtorxs-materia-organica","12":"pa_produtorxs-rojao","14":"first","15":"instock","16":"shipping-taxable","17":"product-type-simple"},"_links":{"self":[{"href":"https:\/\/circuitolocal.cestaagroecologica.com.br\/index.php\/wp-json\/wp\/v2\/product\/401","targetHints":{"allow":["GET"]}}],"collection":[{"href":"https:\/\/circuitolocal.cestaagroecologica.com.br\/index.php\/wp-json\/wp\/v2\/product"}],"about":[{"href":"https:\/\/circuitolocal.cestaagroecologica.com.br\/index.php\/wp-json\/wp\/v2\/types\/product"}],"replies":[{"embeddable":true,"href":"https:\/\/circuitolocal.cestaagroecologica.com.br\/index.php\/wp-json\/wp\/v2\/comments?post=401"}],"wp:featuredmedia":[{"embeddable":true,"href":"https:\/\/circuitolocal.cestaagroecologica.com.br\/index.php\/wp-json\/wp\/v2\/media\/665"}],"wp:attachment":[{"href":"https:\/\/circuitolocal.cestaagroecologica.com.br\/index.php\/wp-json\/wp\/v2\/media?parent=401"}],"wp:term":[{"taxonomy":"product_brand","embeddable":true,"href":"https:\/\/circuitolocal.cestaagroecologica.com.br\/index.php\/wp-json\/wp\/v2\/product_brand?post=401"},{"taxonomy":"product_cat","embeddable":true,"href":"https:\/\/circuitolocal.cestaagroecologica.com.br\/index.php\/wp-json\/wp\/v2\/product_cat?post=401"},{"taxonomy":"product_tag","embeddable":true,"href":"https:\/\/circuitolocal.cestaagroecologica.com.br\/index.php\/wp-json\/wp\/v2\/product_tag?post=401"}],"curies":[{"name":"wp","href":"https:\/\/api.w.org\/{rel}","templated":true}]}}

Ora pro nobis Sítio do Galo (maço)

<p>Ora-pro-nobis [Pereskia aculeata]. “Suas folhas, flores e frutos são usados na culinária mineira, preparadas de várias formas, tanto cruas quanto cozidas. Os frutos são ricos em carotenoides e quando imaturos são fonte de vitamina C. Os frutos podem ser usados para frutos, geleia, mousse e licor. As sementes podem ser germinadas para produzir brotos. As flores jovens (sem acúleos) podem ser usadas para saladas, salteadas puras ou com carnes e para omeletes. Verdura rica em proteína vegetal e em vários aminoácidos essenciais.” (Plantas Alimentícias Não Convencionais PANC no Brasil, Instituto Plantarum, 2015)</p>

<p>Ora-pro-nobis [Pereskia aculeata] cultivada na Ecovila Nascentes do Tinguí, Saquarema, RJ.</p>
