{"id":41,"date":"2021-03-05T02:22:44","date_gmt":"2021-03-05T05:22:44","guid":{"rendered":"http:\/\/circuitolocal.cestaagroecologica.com.br\/?post_type=product&#038;p=41"},"modified":"2021-09-27T10:45:59","modified_gmt":"2021-09-27T13:45:59","slug":"saladinha-da-horta-xx-g","status":"publish","type":"product","link":"https:\/\/circuitolocal.cestaagroecologica.com.br\/index.php\/produto\/saladinha-da-horta-xx-g\/","title":{"rendered":"Salada da horta"},"content":{"rendered":"<p>Ingredientes: folhas de batata doce, r\u00facula, manjeric\u00e3o, serralha, ora pro nobis, trevo, malvavisco, Suzana dos olhos cosmo, lanterninha. Pode variar com as esta\u00e7\u00f5es.<\/p>\n","protected":false},"excerpt":{"rendered":"<p>Saladinha produzida por Jo\u00e3o com alimentos da Horta RoJ\u00e3o, Ecovila Nascentes do Tingu\u00ed, Sampaio Correia, Saquarema, RJ.<\/p>\n","protected":false},"featured_media":42,"comment_status":"open","ping_status":"closed","template":"","meta":[],"product_brand":[],"product_cat":[96],"product_tag":[58,56,57,55],"class_list":{"0":"post-41","1":"product","2":"type-product","3":"status-publish","4":"has-post-thumbnail","6":"product_cat-materia-organica","7":"product_tag-flores","8":"product_tag-hortalicas","9":"product_tag-panc","10":"product_tag-salada","11":"pa_produtorxs-materia-organica","12":"pa_produtorxs-rojao","14":"first","15":"outofstock","16":"shipping-taxable","17":"product-type-simple"},"_links":{"self":[{"href":"https:\/\/circuitolocal.cestaagroecologica.com.br\/index.php\/wp-json\/wp\/v2\/product\/41","targetHints":{"allow":["GET"]}}],"collection":[{"href":"https:\/\/circuitolocal.cestaagroecologica.com.br\/index.php\/wp-json\/wp\/v2\/product"}],"about":[{"href":"https:\/\/circuitolocal.cestaagroecologica.com.br\/index.php\/wp-json\/wp\/v2\/types\/product"}],"replies":[{"embeddable":true,"href":"https:\/\/circuitolocal.cestaagroecologica.com.br\/index.php\/wp-json\/wp\/v2\/comments?post=41"}],"wp:featuredmedia":[{"embeddable":true,"href":"https:\/\/circuitolocal.cestaagroecologica.com.br\/index.php\/wp-json\/wp\/v2\/media\/42"}],"wp:attachment":[{"href":"https:\/\/circuitolocal.cestaagroecologica.com.br\/index.php\/wp-json\/wp\/v2\/media?parent=41"}],"wp:term":[{"taxonomy":"product_brand","embeddable":true,"href":"https:\/\/circuitolocal.cestaagroecologica.com.br\/index.php\/wp-json\/wp\/v2\/product_brand?post=41"},{"taxonomy":"product_cat","embeddable":true,"href":"https:\/\/circuitolocal.cestaagroecologica.com.br\/index.php\/wp-json\/wp\/v2\/product_cat?post=41"},{"taxonomy":"product_tag","embeddable":true,"href":"https:\/\/circuitolocal.cestaagroecologica.com.br\/index.php\/wp-json\/wp\/v2\/product_tag?post=41"}],"curies":[{"name":"wp","href":"https:\/\/api.w.org\/{rel}","templated":true}]}}