{"id":638,"date":"2021-05-14T15:46:00","date_gmt":"2021-05-14T18:46:00","guid":{"rendered":"https:\/\/circuitolocal.cestaagroecologica.com.br\/?post_type=product&#038;p=638"},"modified":"2021-10-13T19:44:51","modified_gmt":"2021-10-13T22:44:51","slug":"ora-pro-nobis-materia-organica-maco","status":"publish","type":"product","link":"https:\/\/circuitolocal.cestaagroecologica.com.br\/index.php\/produto\/ora-pro-nobis-materia-organica-maco\/","title":{"rendered":"Ora pro nobis Mat\u00e9ria Org\u00e2nica (por\u00e7\u00e3o)"},"content":{"rendered":"<h3><b>Ora-pro-nobis [Pereskia aculeata]<\/b><\/h3>\n<p>\u201cSuas folhas, flores e frutos s\u00e3o usados na culin\u00e1ria mineira, preparadas de v\u00e1rias formas, tanto cruas quanto cozidas. Os frutos s\u00e3o ricos em carotenoides e quando imaturos s\u00e3o fonte de vitamina C. Os frutos podem ser usados para frutos, geleia, mousse e licor. As sementes podem ser germinadas para produzir brotos. As flores jovens (sem ac\u00faleos) podem ser usadas para saladas, salteadas puras ou com carnes e para omeletes. Verdura rica em prote\u00edna vegetal e em v\u00e1rios amino\u00e1cidos essenciais.\u201d (Plantas Aliment\u00edcias N\u00e3o Convencionais PANC no Brasil, Instituto Plantarum, 2015)<\/p>\n","protected":false},"excerpt":{"rendered":"<p>Ora pro nobis org\u00e2nica cultivada na Ecovila Nascentes do Tingu\u00ed, Saquarema, RJ.<\/p>\n","protected":false},"featured_media":445,"comment_status":"open","ping_status":"closed","template":"","meta":[],"product_brand":[],"product_cat":[96],"product_tag":[75,46,57],"class_list":{"0":"post-638","1":"product","2":"type-product","3":"status-publish","4":"has-post-thumbnail","6":"product_cat-materia-organica","7":"product_tag-ora-pro-nobis","8":"product_tag-organico","9":"product_tag-panc","10":"pa_produtorxs-materia-organica","11":"pa_produtorxs-rojao","13":"first","14":"instock","15":"shipping-taxable","16":"product-type-simple"},"_links":{"self":[{"href":"https:\/\/circuitolocal.cestaagroecologica.com.br\/index.php\/wp-json\/wp\/v2\/product\/638","targetHints":{"allow":["GET"]}}],"collection":[{"href":"https:\/\/circuitolocal.cestaagroecologica.com.br\/index.php\/wp-json\/wp\/v2\/product"}],"about":[{"href":"https:\/\/circuitolocal.cestaagroecologica.com.br\/index.php\/wp-json\/wp\/v2\/types\/product"}],"replies":[{"embeddable":true,"href":"https:\/\/circuitolocal.cestaagroecologica.com.br\/index.php\/wp-json\/wp\/v2\/comments?post=638"}],"wp:featuredmedia":[{"embeddable":true,"href":"https:\/\/circuitolocal.cestaagroecologica.com.br\/index.php\/wp-json\/wp\/v2\/media\/445"}],"wp:attachment":[{"href":"https:\/\/circuitolocal.cestaagroecologica.com.br\/index.php\/wp-json\/wp\/v2\/media?parent=638"}],"wp:term":[{"taxonomy":"product_brand","embeddable":true,"href":"https:\/\/circuitolocal.cestaagroecologica.com.br\/index.php\/wp-json\/wp\/v2\/product_brand?post=638"},{"taxonomy":"product_cat","embeddable":true,"href":"https:\/\/circuitolocal.cestaagroecologica.com.br\/index.php\/wp-json\/wp\/v2\/product_cat?post=638"},{"taxonomy":"product_tag","embeddable":true,"href":"https:\/\/circuitolocal.cestaagroecologica.com.br\/index.php\/wp-json\/wp\/v2\/product_tag?post=638"}],"curies":[{"name":"wp","href":"https:\/\/api.w.org\/{rel}","templated":true}]}}

Ora pro nobis Matéria Orgânica (porção)

<h3><b>Ora-pro-nobis [Pereskia aculeata]</b></h3>
<p>“Suas folhas, flores e frutos são usados na culinária mineira, preparadas de várias formas, tanto cruas quanto cozidas. Os frutos são ricos em carotenoides e quando imaturos são fonte de vitamina C. Os frutos podem ser usados para frutos, geleia, mousse e licor. As sementes podem ser germinadas para produzir brotos. As flores jovens (sem acúleos) podem ser usadas para saladas, salteadas puras ou com carnes e para omeletes. Verdura rica em proteína vegetal e em vários aminoácidos essenciais.” (Plantas Alimentícias Não Convencionais PANC no Brasil, Instituto Plantarum, 2015)</p>

<p>Ora pro nobis orgânica cultivada na Ecovila Nascentes do Tinguí, Saquarema, RJ.</p>
