{"id":740,"date":"2021-06-05T16:29:12","date_gmt":"2021-06-05T19:29:12","guid":{"rendered":"https:\/\/circuitolocal.cestaagroecologica.com.br\/?post_type=product&#038;p=740"},"modified":"2021-07-30T21:30:20","modified_gmt":"2021-07-31T00:30:20","slug":"blend-de-oleos-essenciais-para-difusores-10ml","status":"publish","type":"product","link":"https:\/\/circuitolocal.cestaagroecologica.com.br\/index.php\/produto\/blend-de-oleos-essenciais-para-difusores-10ml\/","title":{"rendered":"Blend de \u00d3leos Essenciais para difusores (10ml)"},"content":{"rendered":"<p class=\"western\" align=\"left\"><span style=\"font-size: small;\"><span style=\"color: #404040;\">Composi\u00e7\u00e3o: \u00f3leos essenciais de tea<\/span> <span style=\"color: #404040;\">tree,<\/span> <span style=\"color: #404040;\">citronela,<\/span> <span style=\"color: #404040;\">eucalipto,<\/span> <span style=\"color: #404040;\">cravo-da-<\/span><\/span><span style=\"font-size: small;\"><span style=\"color: #404040;\">\u00edndia<\/span> <span style=\"color: #404040;\">e<\/span> <span style=\"color: #404040;\">erva<\/span> <span style=\"color: #404040;\">da<\/span> <span style=\"color: #404040;\">gra\u00e7a.<\/span><\/span><\/p>\n","protected":false},"excerpt":{"rendered":"<p>Composi\u00e7\u00e3o: \u00f3leos essenciais de tea tree, citronela, eucalipto, cravo-da-\u00edndia e erva da gra\u00e7a.<\/p>\n","protected":false},"featured_media":0,"comment_status":"open","ping_status":"closed","template":"","meta":[],"product_brand":[],"product_cat":[266],"product_tag":[272,241,101,108],"class_list":{"0":"post-740","1":"product","2":"type-product","3":"status-publish","5":"product_cat-agracademaria","6":"product_tag-a-graca-de-maria","7":"product_tag-agrofloresta","8":"product_tag-medicinais","9":"product_tag-oleos-essenciais","11":"first","12":"instock","13":"shipping-taxable","14":"product-type-simple"},"_links":{"self":[{"href":"https:\/\/circuitolocal.cestaagroecologica.com.br\/index.php\/wp-json\/wp\/v2\/product\/740","targetHints":{"allow":["GET"]}}],"collection":[{"href":"https:\/\/circuitolocal.cestaagroecologica.com.br\/index.php\/wp-json\/wp\/v2\/product"}],"about":[{"href":"https:\/\/circuitolocal.cestaagroecologica.com.br\/index.php\/wp-json\/wp\/v2\/types\/product"}],"replies":[{"embeddable":true,"href":"https:\/\/circuitolocal.cestaagroecologica.com.br\/index.php\/wp-json\/wp\/v2\/comments?post=740"}],"wp:attachment":[{"href":"https:\/\/circuitolocal.cestaagroecologica.com.br\/index.php\/wp-json\/wp\/v2\/media?parent=740"}],"wp:term":[{"taxonomy":"product_brand","embeddable":true,"href":"https:\/\/circuitolocal.cestaagroecologica.com.br\/index.php\/wp-json\/wp\/v2\/product_brand?post=740"},{"taxonomy":"product_cat","embeddable":true,"href":"https:\/\/circuitolocal.cestaagroecologica.com.br\/index.php\/wp-json\/wp\/v2\/product_cat?post=740"},{"taxonomy":"product_tag","embeddable":true,"href":"https:\/\/circuitolocal.cestaagroecologica.com.br\/index.php\/wp-json\/wp\/v2\/product_tag?post=740"}],"curies":[{"name":"wp","href":"https:\/\/api.w.org\/{rel}","templated":true}]}}