{"id":935,"date":"2021-07-16T12:16:24","date_gmt":"2021-07-16T15:16:24","guid":{"rendered":"https:\/\/circuitolocal.cestaagroecologica.com.br\/?post_type=product&#038;p=935"},"modified":"2021-08-24T09:10:34","modified_gmt":"2021-08-24T12:10:34","slug":"feijao-preto-kg","status":"publish","type":"product","link":"https:\/\/circuitolocal.cestaagroecologica.com.br\/index.php\/produto\/feijao-preto-kg\/","title":{"rendered":"Feij\u00e3o preto (kg)"},"content":{"rendered":"<p>Feij\u00e3o preto org\u00e2nico cultivado no s\u00edtio A Gra\u00e7a de Maria, Sana, RJ.<\/p>\n","protected":false},"excerpt":{"rendered":"<p>Feij\u00e3o preto org\u00e2nico cultivado no s\u00edtio A Gra\u00e7a de Maria, Sana, RJ.<\/p>\n","protected":false},"featured_media":0,"comment_status":"open","ping_status":"closed","template":"","meta":[],"product_brand":[],"product_cat":[266],"product_tag":[291,46],"class_list":{"0":"post-935","1":"product","2":"type-product","3":"status-publish","5":"product_cat-agracademaria","6":"product_tag-feijao","7":"product_tag-organico","9":"first","10":"outofstock","11":"shipping-taxable","12":"product-type-simple"},"_links":{"self":[{"href":"https:\/\/circuitolocal.cestaagroecologica.com.br\/index.php\/wp-json\/wp\/v2\/product\/935","targetHints":{"allow":["GET"]}}],"collection":[{"href":"https:\/\/circuitolocal.cestaagroecologica.com.br\/index.php\/wp-json\/wp\/v2\/product"}],"about":[{"href":"https:\/\/circuitolocal.cestaagroecologica.com.br\/index.php\/wp-json\/wp\/v2\/types\/product"}],"replies":[{"embeddable":true,"href":"https:\/\/circuitolocal.cestaagroecologica.com.br\/index.php\/wp-json\/wp\/v2\/comments?post=935"}],"wp:attachment":[{"href":"https:\/\/circuitolocal.cestaagroecologica.com.br\/index.php\/wp-json\/wp\/v2\/media?parent=935"}],"wp:term":[{"taxonomy":"product_brand","embeddable":true,"href":"https:\/\/circuitolocal.cestaagroecologica.com.br\/index.php\/wp-json\/wp\/v2\/product_brand?post=935"},{"taxonomy":"product_cat","embeddable":true,"href":"https:\/\/circuitolocal.cestaagroecologica.com.br\/index.php\/wp-json\/wp\/v2\/product_cat?post=935"},{"taxonomy":"product_tag","embeddable":true,"href":"https:\/\/circuitolocal.cestaagroecologica.com.br\/index.php\/wp-json\/wp\/v2\/product_tag?post=935"}],"curies":[{"name":"wp","href":"https:\/\/api.w.org\/{rel}","templated":true}]}}

Feijão preto (kg)

<p>Feijão preto orgânico cultivado no sítio A Graça de Maria, Sana, RJ.</p>
